by 866?
865
Calculate the remainder when 1925862 is divided by 1435.
92
Calculate the remainder when 14157336 is divided by 10.
6
What is the remainder when 152393 is divided by 69111?
14171
Calculate the remainder when 305287 is divided by 402.
169
Calculate the remainder when 11930534 is divided by 2636.
2634
What is the remainder when 1185690 is divided by 68?
42
What is the remainder when 897517 is divided by 32054?
5
What is the remainder when 4421850 is divided by 242?
26
Calculate the remainder when 40043 is divided by 225.
218
What is the remainder when 706975 is divided by 1716?
1699
Calculate the remainder when 2172895 is divided by 4009.
17
What is the remainder when 2249290 is divided by 40?
10
What is the remainder when 403741 is divided by 80258?
2451
Calculate the remainder when 69952242 is divided by 11658706.
6
What is the remainder when 1379181 is divided by 1379153?
28
What is the remainder when 1446766 is divided by 536?
102
What is the remainder when 103577 is divided by 25625?
1077
Calculate the remainder when 659441 is divided by 218741.
3218
What is the remainder when 2269071 is divided by 2268641?
430
What is the remainder when 316005 is divided by 106?
19
Calculate the remainder when 21358735 is divided by 2669841.
7
What is the remainder when 608373 is divided by 657?
648
Calculate the remainder when 84178 is divided by 377.
107
Calculate the remainder when 17764 is divided by 382.
192
What is the remainder when 4914379 is divided by 531?
505
Calculate the remainder when 1737818 is divided by 4951.
17
What is the remainder when 823685 is divided by 823658?
27
What is the remainder when 3590202 is divided by 481?
18
What is the remainder when 1090049 is divided by 18789?
287
What is the remainder when 2572630 is divided by 85754?
10
Calculate the remainder when 49158971 is divided by 1068.
1067
Calculate the remainder when 29484473 is divided by 717.
716
What is the remainder when 649079 is divided by 3211?
457
What is the remainder when 34541675 is divided by 21322?
35
What is the remainder when 35086 is divided by 6991?
131
Calculate the remainder when 43381 is divided by 26.
13
What is the remainder when 521587 is divided by 43457?
103
What is the remainder when 13736264 is divided by 6868042?
180
Calculate the remainder when 14508793 is divided by 858.
13
Calculate the remainder when 32181 is divided by 15827.
527
Calculate the remainder when 1705463 is divided by 568220.
803
What is the remainder when 284839 is divided by 78?
61
Calculate the remainder when 95372434 is divided by 12.
10
Calculate the remainder when 21107106 is divided by 44.
42
What is the remainder when 50157078 is divided by 12?
6
What is the remainder when 52334566 is divided by 507?
505
Calculate the remainder when 1557261 is divided by 259535.
51
What is the remainder when 87433034 is divided by 1797?
1796
Calculate the remainder when 400084 is divided by 183.
46
What is the remainder when 768818 is divided by 85413?
101
What is the remainder when 1480278 is divided by 17411?
343
Calculate the remainder when 4874302 is divided by 541554.
316
Calculate the remainder when 8164974 is divided by 1632961.
169
Calculate the remainder when 321889 is divided by 320770.
1119
What is the remainder when 11513332 is divided by 10730?
42
What is the remainder when 95372 is divided by 48?
44
What is the remainder when 124649 is divided by 2451?
2099
What is the remainder when 82716 is divided by 41352?
12
Calculate the remainder when 284461 is divided by 94778.
127
What is the remainder when 17807033 is divided by 17322?
17
Calculate the remainder when 2376193 is divided by 1537.
1528
What is the remainder when 313583896 is divided by 3461?
3452
Calculate the remainder when 1315421 is divided by 46977.
65
What is the remainder when 36467280 is divided by 292?
276
Calculate the remainder when 2656191 is divided by 104.
31
Calculate the remainder when 15498 is divided by 3857.
70
What is the remainder when 22702754 is divided by 1540?
74
What is the remainder when 916687 is divided by 35257?
5
What is the remainder when 661564 is divided by 220315?
619
What is the remainder when 871943 is divided by 2659?
2450
Calculate the remainder when 42752 is divided by 661.
448
Calculate the remainder when 12637812 is divided by 6669.
57
What is the remainder when 4798024 is divided by 1224?
1168
Calculate the remainder when 127108 is divided by 31634.
572
What is the remainder when 2184705 is divided by 1092350?
5
What is the remainder when 2619620 is divided by 174594?
710
What is the remainder when 143854068 is divided by 8596?
8
What is the remainder when 2180866 is divided by 437?
236
What is the remainder when 137568 is divided by 1764?
1740
Calculate the remainder when 36342 is divided by 1343.
81
What is the remainder when 1868324 is divided by 6465?
6404
Calculate the remainder when 4494729 is divided by 3699.
444
What is the remainder when 5670958 is divided by 745?
18
What is the remainder when 398628 is divided by 644?
636
Calculate the remainder when 147304 is divided by 1751.
220
Calculate the remainder when 6560176 is divided by 585.
571
What is the remainder when 51642 is divided by 48496?
3146
Calculate the remainder when 613391 is divided by 122667.
56
Calculate the remainder when 3288610 is divided by 9876.
9778
Calculate the remainder when 3625890 is divided by 59.
45
Calculate the remainder when 6988284 is divided by 6988282.
2
Calculate the remainder when 379316 is divided by 14477.
2914
What is the remainder when 58381922 is divided by 179?
177
What is the remainder when 362998 is divided by 279?
19
Calculate the remainder when 3332477047 is divided by 685.
682
Calculate the remainder when 9419755 is divided by 420.
415
Calculate the remainder when 115458 is divided by 28625.
958
Calculate the remainder when 574104 is divided by 191061.
921
Calculate the remainder when 52816 is divided by 251.
106
Calculate the remainder when 990802 is divided by 17.
8
Calculate the remainder when 25567244 is divided by 3195902.
28
What is the remainder when 1083951 is divided by 803?
704
Calculate the remainder when 14864118 is divided by 274.
166
What is the remainder when 78559017 is divided by 9819877?
1
Calculate the remainder when 18682 is divided by 718.
14
What is the remainder when 587917 is divided by 65313?
100
What is the remainder when 3186513 is divided by 816?
33
Calculate the remainder when 1052794 is divided by 963.
235
What is the remainder when 39087515 is divided by 3127?
15
Calculate the remainder when 7273774 is divided by 1254.
574
What is the remainder when 20943888 is divided by 36048?
0
What is the remainder when 12888967 is divided by 2577771?
112
What is the remainder when 652003806 is divided by 7?
6
Calculate the remainder when 2773539 is divided by 4152.
3
Calculate the remainder when 315724 is divided by 7893.
4
Calculate the remainder when 396920 is divided by 649.
381
Calculate the remainder when 74565 is divided by 24793.
186
What is the remainder when 200577 is divided by 244?
9
Calculate the remainder when 27207010 is divided by 21.
19
What is the remainder when 102713 is divided by 739?
731
What is the remainder when 130668 is divided by 2510?
148
What is the remainder when 40226837 is divided by 10?
7
Calculate the remainder when 560848 is divided by 416.
80
What is the remainder when 194593274 is divided by 280?
274
Calculate the remainder when 59155 is divided by 123.
115
What is the remainder when 52196 is divided by 25884?
428
Calculate the remainder when 59588433 is divided by 2621.
2619
What is the remainder when 46583834 is divided by 21?
17
What is the remainder when 9415 is divided by 1078?
791
What is the remainder when 524996 is divided by 848?
84
What is the remainder when 4672689 is divided by 379?
377
Calculate the remainder when 17358 is divided by 7304.
2750
What is the remainder when 86753569 is divided by 149061?
67
Calculate the remainder when 207202 is divided by 207140.
62
What is the remainder when 1115799 is divided by 54?
51
What is the remainder when 1713648 is divided by 11736?
192
What is the remainder when 322787 is divided by 64438?
597
Calculate the remainder when 41338445 is divided by 16